10002 - 20?
4432
In base 2, what is 111 + 110?
1101
In base 8, what is 1 + -2446?
-2445
In base 7, what is 101 - -4?
105
In base 14, what is 16a - 16?
154
In base 5, what is 12 - -241?
303
In base 14, what is bc6 + -1?
bc5
In base 10, what is 129 - 1?
128
In base 15, what is -1 + -b0?
-b1
In base 10, what is 764 + -1?
763
In base 6, what is 24 - 4132?
-4104
In base 16, what is 2 - 109e?
-109c
In base 6, what is 0 + 3505?
3505
In base 13, what is 70 + -25?
48
In base 9, what is -5 - 3643?
-3648
In base 7, what is -33 - 12?
-45
In base 7, what is -32 - -30?
-2
In base 6, what is 2033 + -4?
2025
In base 10, what is 1715 - 4?
1711
In base 10, what is -2 + 41?
39
In base 8, what is -415 + -2?
-417
In base 3, what is -120 + 22?
-21
In base 13, what is -5 - 4c?
-54
In base 10, what is -1688 + 4?
-1684
In base 5, what is -44 + -103?
-202
In base 13, what is 347 - -4?
34b
In base 8, what is -3 - -11065?
11062
In base 5, what is 0 - 3110?
-3110
In base 8, what is 115 - 10?
105
In base 3, what is -20020010 + -12?
-20020022
In base 2, what is 10 - 110011111101?
-110011111011
In base 6, what is 11 + -5400?
-5345
In base 10, what is 5 - 467?
-462
In base 16, what is 3 - -3?
6
In base 15, what is 52 + 0?
52
In base 13, what is 9b - 5?
96
In base 15, what is 0 + -9?
-9
In base 9, what is 5 + 400?
405
In base 13, what is 6 + -b9?
-b3
In base 13, what is 4 + -102?
-cb
In base 6, what is 4 + -444?
-440
In base 7, what is -20 - -441?
421
In base 10, what is 0 + 9?
9
In base 5, what is -23 - -314?
241
In base 4, what is 10 + -11?
-1
In base 4, what is 300222 - -3?
300231
In base 9, what is 5 - -5?
11
In base 3, what is -2 + -2?
-11
In base 15, what is -14d - 20?
-16d
In base 16, what is -1b + 32a?
30f
In base 14, what is 134 - 8?
12a
In base 4, what is 101300 + -13?
101221
In base 16, what is 128 + 1?
129
In base 9, what is 1376 - 15?
1361
In base 9, what is -163 + 2?
-161
In base 3, what is -22211 + -2022?
-102010
In base 7, what is -103 - -14?
-56
In base 14, what is -1 - 186?
-187
In base 16, what is 4 + 16?
1a
In base 13, what is 288 + 15?
2a0
In base 8, what is 5 - 2115?
-2110
In base 7, what is -4146 + 2?
-4144
In base 15, what is 1 + 18?
19
In base 7, what is -13 + -1051?
-1064
In base 11, what is 1136a + 2?
11371
In base 8, what is -21 + -74?
-115
In base 3, what is -21201222 + 11?
-21201211
In base 6, what is -104134 - -1?
-104133
In base 14, what is 2c - 8?
24
In base 9, what is 1714 + 2?
1716
In base 12, what is -3 - 5a?
-61
In base 9, what is 8 - 61?
-52
In base 7, what is -1 - -43?
42
In base 11, what is -5 - a62?
-a67
In base 7, what is 1 - -6342?
6343
In base 5, what is -1003 - 4?
-1012
In base 15, what is d + -2e?
-21
In base 12, what is 2 + -1535?
-1533
In base 11, what is -138 - 65?
-1a2
In base 2, what is -1000 + -111110010111?
-111110011111
In base 8, what is 1 + 101?
102
In base 2, what is 1011100 - 1010111?
101
In base 16, what is 4b - -3?
4e
In base 16, what is -4 - -76?
72
In base 8, what is 2 - -1073?
1075
In base 5, what is 44 - -1?
100
In base 5, what is 2224 + -1?
2223
In base 15, what is 36 - -3?
39
In base 4, what is -1131 + 1?
-1130
In base 13, what is 4c - 310?
-291
In base 13, what is -44 + -7?
-4b
In base 2, what is 10101 + -1000?
1101
In base 3, what is -2 + -11101?
-11110
In base 3, what is -1 - 1?
-2
In base 6, what is -1214 + -12?
-1230
In base 9, what is 5 + 50?
55
In base 4, what is -1120 - -1?
-1113
In base 9, what is -1 - 167?
-168
In base 16, what is 8 + -33?
-2b
In base 4, what is -22132 - -10?
-22122
In base 2, what is -11111101 + 10?
-11111011
In base 2, what is -100001110 + -11?
-100010001
In base 9, what is 201 - 125?
65
In base 11, what is -2 - -77?
75
In base 2, what is 1110000010011 - 1?
1110000010010
In base 9, what is -3 + 25?
22
In base 13, what is 594 - -5?
599
In base 11, what is 70 - 176?
-106
In base 11, what is 0 + 20?
20
In base 6, what is -12 + -1514?
-1530
In base 2, what is 11111 + -101011?
-1100
In base 4, what is 21 + -200?
-113
In base 6, what is -40 + -10?
-50
In base 6, what is -253 + 5?
-244
In base 6, what is 21542 + 0?
21542
In base 5, what is -1 - 102042?
-102043
In base 12, what is 6 + -121?
-117
In base 10, what is -4 + -474?
-478
In base 15, what is -1d8 - -2?
-1d6
In base 5, what is 4 + -334?
-330
In base 4, what is 3 + 2?
11
In base 16, what is -3 - 16?
-19
In base 16, what is 2 + 412?
414
In base 8, what is -107 - 447?
-556
In base 9, what is 1638 - 5?
1633
In base 3, what is 2 - 222202?
-222200
In base 2, what is 100100000010 - 10?
100100000000
In base 12, what is -111 + -2?
-113
In base 3, what is 1 - 102110?
-102102
In base 16, what is 12c + a?
136
In base 13, what is 0 - 24?
-24
In base 10, what is -4 + -139?
-143
In base 8, what is 12162 + 1?
12163
In base 13, what is -12 + -2?
-14
In base 3, what is -201 + -1?
-202
In base 11, what is 2 - -137?
139
In base 16, what is 111 - 19?
f8
In base 16, what is -5 + -c1?
-c6
In base 8, what is 5 + 471?
476
In base 8, what is 50 - -3?
53
In base 14, what is -4 + -629?
-62d
In base 2, what is -1010000 - -11001?
-110111
In base 9, what is -3 - 17?
-21
In base 2, what is 10101 + -110100?
-11111
In base 14, what is -1 - -69?
68
In base 2, what is 1011100 + -1110?
1001110
In base 12, what is 219 + 1?
21a
In base 12, what is -8 - 25?
-31
In base 15, what is 5 + 87?
8c
In base 3, what is -10 + -200011?
-200021
In base 15, what is 15 + -8?
c
In base 3, what is 100222 - -1?
101000
In base 3, what is -200 + 11201?
11001
In base 10, what is 63 + -15?
48
In base 4, what is 120210 - 1?
120203
In base 13, what is -115 - 1?
-116
In base 15, what is 1 + 49?
4a
In base 6, what is -105 + -1?
-110
In base 3, what is -1222200 - -12?
-1222111
In base 16, what is -583 + -5?
-588
In base 5, what is -21 - 321?
-342
In base 5, what is 2 + -410?
-403
In base 9, what is -3 + 243?
240
In base 3, what is 12 + -1221?
-1202
In base 6, what is -4011 - -5?
-4002
In base 9, what is 2 + 43?
45
In base 8, what is -33 - 4?
-37
In base 4, what is -201 + 13?
-122
In base 12, what is -3b + 6?
-35
In base 6, what is -11 - -232?
221
In base 2, what is 100100 - -10000?
110100
In base 5, what is 10 - 103?
-43
In base 11, what is 5 + -2290?
-2286
In base 2, what is 11110 - -10?
100000
In base 8, what is -2254 - -3?
-2251
In base 10, what is -5 - -4860?
4855
In base 14, what is -154 + -2?
-156
In base 13, what is -518 + 5?
-513
In base 10, what is 4 - 651?
-647
In base 6, what is -2 + 230?
224
In base 10, what is 0 + 148?
148
In base 11, what is 12 - 1?
11
In base 12, what is 54 + -78?
-24
In base 15, what is -6b + -1?
-6c
In base 16, what is 3 - 7d5?
-7d2
In base 6, what is 412 + -3?
405
In base 10, what is 4 + -17?
-13
In base 2, what is -100 + -1101011?
-1101111
In base 10, what is -188 - 0?
-188
In base 16, what is 3 - -35?
38
In base 12, what is 2a69 - -2?
2a6b
In base 7, what is 6 - -24?
33
In base 5, what is -2430 + -40?
-3020
In base 4, what is -221013 + 23?
-220330
In base 15, what is 108 + 6?
10e
In base 10, what is -3571 - -3?
-3568
In base 10, what is -2230 + 1?
-2229
In base 10, what is -81 - 1?
-82
In base 11, what is -63 - -2?
-61
In base 4, what is -10 - -130?
120
In base 11, what is 1 + 10?
11
In base 11, what is 5 - -46?
50
In base 4, what is -130 - 220?
-1010
In base 2, what is -10 + 10111000011?
10111000001
In base 5, what is -21404 - -10?
-21344
In base 13, what is -3 - -ab?
a8
In base 7, what is 22 + 140?
162
In base 4, what is 2330 + 11?
3001
In base 15, what is 7 - 60?
-58
In base 11, what is 3796 - 3?
3793
In base 6, what is 1444 + 3?
1451
In base 13, what is -9 - 13?
-1c
In base 4, what is -10 - -2211?
2201
In base 9, what is 4 + -31?
-26
In base 5, what is -131 + 3?
-123
In base 13, what is -5 - 1b?
-23
In base 11, what is -4 + -3076?
-307a
In base 11, what is -18a - 4?
-193
In base 12, what is 907 - 3?
904
In base 16, what is 32 - 1?
31
In base 6, what is 2552 + 3?
2555
In base 11, what is 0 - 333?
-333
In base 14, what is 1 + -1a?
-19
In base 15, what is -10 + 17?
7
In base 8, what is -24206 + -3?
-24211
In base 10, what is 109 - -6?
115
In base 13, what is 5 + -10?
-8
In base 13, what is 13 + 616?
629
In base 4, what is -11 - 222230?
-222301
In base 4, what is 3 - 130?
-121
In base 9, what is -11311 - 5?
-11316
In base 6, what is 34321 + 5?
34330
In base